{"id":7442,"date":"2024-10-10T10:15:04","date_gmt":"2024-10-10T15:15:04","guid":{"rendered":"https:\/\/culturametrodequito.com\/?page_id=7442"},"modified":"2025-06-23T15:39:25","modified_gmt":"2025-06-23T20:39:25","slug":"cursos-mooc","status":"publish","type":"page","link":"https:\/\/culturametrodequito.com\/index.php\/cursos-mooc\/","title":{"rendered":"Cursos Abiertos"},"content":{"rendered":"\t\t<div data-elementor-type=\"wp-page\" data-elementor-id=\"7442\" class=\"elementor elementor-7442\" data-elementor-post-type=\"page\">\n\t\t\t\t<div class=\"elementor-element elementor-element-6cf86870 e-flex e-con-boxed e-con e-parent\" data-id=\"6cf86870\" data-element_type=\"container\" data-settings=\"{&quot;animation&quot;:&quot;none&quot;}\">\n\t\t\t\t\t<div class=\"e-con-inner\">\n\t\t\t\t<div class=\"elementor-element elementor-element-63da960a elementor-widget elementor-widget-html\" data-id=\"63da960a\" data-element_type=\"widget\" data-widget_type=\"html.default\">\n\t\t\t\t<div class=\"elementor-widget-container\">\n\t\t\t\t\t<html>\n    <head>\n        <style>\n            body {\n                font-family: Arial, sans-serif;\n                margin: 0;\n            }\n\n            .menu {\n                display: flex;\n                justify-content: space-between;\n                background-color: #333;\n                margin-bottom: 10px;\n                margin-top: 10px;\n            \n            }\n\n            .menu-item {\n                flex: 1;\n                text-align: center;\n                align-content: center;\n                padding-top: 10px;\n                padding-bottom: 10px;\n                position: relative; \/* Para el submen\u00fa de Cultura Metro *\/\n            }\n\n            .menu-item span {\n                color: white;\n                padding: 0;\n                cursor: pointer;\n                transition: background-color 0.3s;\n                width: 100px;\n                align-items: center;\n            \n            }\n\n            \/* Submen\u00fa para Cultura Metro *\/\n            .submenu {\n                display: none; \/* Ocultar submen\u00fa por defecto *\/\n                position: absolute;\n                background-color: #fafafa;\n                width: 100%;\n                z-index: 100;\n                color: #000;\n            }\n\n            .menu-item:hover .submenu {\n                display: block; \/* Mostrar submen\u00fa al pasar el mouse *\/\n            }\n\n            .submenu div {\n                margin-left: 10px;\n                margin-right: 10px;\n                color: black;\n                font-size: 13px;\n                cursor: pointer;\n                text-align: start;\n                border-bottom: 0.5px solid #dddddd; \n                align-items: center;\n            }\n\n            .submenu div:hover {\n                background-color: #eeeeee; \/* Color al pasar el mouse sobre el submen\u00fa *\/\n            }\n\n            \/* Media query para vista m\u00f3vil *\/\n            @media (max-width: 600px) {\n                .menu {\n                    flex-direction: column;\n                }\n\n                .menu > ul > li {\n                    flex: none;\n                    text-align: left;\n                }\n            }\n        <\/style>\n        \n        <link rel=\"stylesheet\" href=\"https:\/\/cdnjs.cloudflare.com\/ajax\/libs\/font-awesome\/6.0.0-beta3\/css\/all.min.css\">\n    <\/head>\n    <body>\n        <div class=\"menu\">\n            <div class=\"menu-item\" style=\"background-color:#DCDCDC\">\n                <span style=\"color:#244183; font-weight: bold;\" onclick=\"menuItemClicked('Inicio', 'https:\/\/culturametrodequito.com\/index.php\/cultura-metro\/')\">\n                    <i style=\"margin-top:auto; color:#244183; margin-right:10px; \" class=\"fas fa-guitar\"><\/i> Cultura Metro\n                <\/span>\n               <!-- <div class=\"submenu\">\n                    <div onclick=\"menuItemClicked('Inicio - Opci\u00f3n 1','https:\/\/culturametrodequito.com\/index.php\/relacionamiento-comunitario\/')\">Relacionamiento comunitario<\/div>\n                    <div onclick=\"menuItemClicked('Inicio - Opci\u00f3n 2','https:\/\/culturametrodequito.com\/index.php\/metro-cultura')\">Cultura Metro<\/div>\n                    <div onclick=\"menuItemClicked('Inicio - Opci\u00f3n 3','https:\/\/culturametrodequito.com\/index.php\/arte-y-cultura')\">Arte y patrimonio<\/div>\n                <\/div> -->\n            <\/div>\n\n            <div class=\"menu-item\" style=\"background-color:#E6243D\">\n                <span onclick=\"menuItemClicked('Servicios','https:\/\/culturametrodequito.com\/index.php\/medios-de-pago\/')\">\n                    <i style=\"margin-right:10px\" class=\"fa-regular fa-credit-card\"><\/i> Medios de pago\n                <\/span>\n            <\/div>\n\n            <div class=\"menu-item\" style=\"background-color:#F28D1C\">\n                <span onclick=\"menuItemClicked('Sobre Nosotros','https:\/\/culturametrodequito.com\/index.php\/informacion-operativa\/')\">\n                    <i style=\"margin-right:10px\" class=\"fa-solid fa-info\"><\/i> Informaci\u00f3n operativa\n                <\/span>\n            <\/div>\n\n            <div class=\"menu-item\" style=\"background-color:#3FBAE5\">\n                <span onclick=\"menuItemClicked('Contacto','https:\/\/culturametrodequito.com\/index.php\/genero-e-inclusion\/')\">\n                    <i style=\"margin-right:10px\" class=\"fa-regular fa-handshake\"><\/i> Inclusi\u00f3n\n                <\/span>\n            <\/div>\n\n            <div class=\"menu-item\" style=\"background-color:#0C76BC\">\n                <span onclick=\"menuItemClicked('Gu\u00eda del Usuario','https:\/\/culturametrodequito.com\/index.php\/guia-del-usuario\/')\">\n                    <i style=\"margin-right:10px\" class=\"fa-regular fa-address-book\"><\/i> Gu\u00eda del Usuario\n                <\/span>\n            <\/div>\n        <\/div>\n    <\/body>\n    \n    <script>\n        function menuItemClicked(item, url) {\n            window.location.href = url;\n        }\n    <\/script>\n<\/html>\n\t\t\t\t<\/div>\n\t\t\t\t<\/div>\n\t\t\t\t\t<\/div>\n\t\t\t\t<\/div>\n\t\t<div class=\"elementor-element elementor-element-255ecb7 e-flex e-con-boxed elementor-invisible e-con e-parent\" data-id=\"255ecb7\" data-element_type=\"container\" data-settings=\"{&quot;background_background&quot;:&quot;classic&quot;,&quot;animation&quot;:&quot;fadeInLeft&quot;}\">\n\t\t\t\t\t<div class=\"e-con-inner\">\n\t\t<div class=\"elementor-element elementor-element-bdd0193 e-con-full e-flex e-con e-child\" data-id=\"bdd0193\" data-element_type=\"container\">\n\t\t\t\t<\/div>\n\t\t<div class=\"elementor-element elementor-element-5ace767 e-con-full e-flex e-con e-child\" data-id=\"5ace767\" data-element_type=\"container\">\n\t\t\t\t<div class=\"elementor-element elementor-element-9e04aba elementor-widget elementor-widget-heading\" data-id=\"9e04aba\" data-element_type=\"widget\" data-widget_type=\"heading.default\">\n\t\t\t\t<div class=\"elementor-widget-container\">\n\t\t\t\t\t<h3 class=\"elementor-heading-title elementor-size-default\">CURSOS ABIERTOS<\/h3>\t\t\t\t<\/div>\n\t\t\t\t<\/div>\n\t\t\t\t<\/div>\n\t\t<div class=\"elementor-element elementor-element-fe53a70 e-con-full e-flex e-con e-child\" data-id=\"fe53a70\" data-element_type=\"container\">\n\t\t\t\t<\/div>\n\t\t\t\t\t<\/div>\n\t\t\t\t<\/div>\n\t\t<div class=\"elementor-element elementor-element-653870f e-flex e-con-boxed e-con e-parent\" data-id=\"653870f\" data-element_type=\"container\">\n\t\t\t\t\t<div class=\"e-con-inner\">\n\t\t<div class=\"elementor-element elementor-element-6fcf0a2 e-con-full e-flex e-con e-child\" data-id=\"6fcf0a2\" data-element_type=\"container\">\n\t\t\t\t<div class=\"elementor-element elementor-element-c1b1136 elementor-widget elementor-widget-html\" data-id=\"c1b1136\" data-element_type=\"widget\" data-widget_type=\"html.default\">\n\t\t\t\t<div class=\"elementor-widget-container\">\n\t\t\t\t\t<!DOCTYPE html>\r\n<html lang=\"en\">\r\n<head>\r\n    <meta charset=\"UTF-8\">\r\n    <meta name=\"viewport\" content=\"width=device-width, initial-scale=1.0\">\r\n    <title>Metro Relatos Carrusel<\/title>\r\n    <!-- Bootstrap CSS -->\r\n    <link href=\"https:\/\/cdn.jsdelivr.net\/npm\/bootstrap@5.3.0-alpha3\/dist\/css\/bootstrap.min.css\" rel=\"stylesheet\">\r\n    <!-- Google Font Montserrat -->\r\n    <link href=\"https:\/\/fonts.googleapis.com\/css2?family=Montserrat:wght@400;700&display=swap\" rel=\"stylesheet\">\r\n    <style>\r\n    \/* General font style *\/\r\n    body {\r\n        font-family: 'Montserrat', sans-serif;\r\n        margin: 0;\r\n        padding: 0;\r\n    }\r\n\r\n    \/* Banner estilos *\/\r\n    .banner {\r\n        display: flex;\r\n        align-items: center;\r\n        justify-content: space-between;\r\n        background-color: #e7431e; \/* Azul de fondo *\/\r\n        color: white;\r\n        height: 80vh; \/* Incrementamos un poco la altura del banner *\/\r\n        padding: 0;\r\n        margin: 0;\r\n    }\r\n\r\n    .banner-text {\r\n        flex: 1; \/* Ocupa la mitad del espacio *\/\r\n        text-align: left; \/* Alinea el texto a la izquierda *\/\r\n        z-index: 1; \/* Asegura que el texto est\u00e9 sobre la imagen *\/\r\n        margin-left: 40px; \/* Agrega un margen izquierdo de 40px *\/\r\n    }\r\n\r\n    .banner-text h2 {\r\n        font-size: 3rem; \/* Tama\u00f1o grande del encabezado *\/\r\n        font-weight: 700; \/* Negrita *\/\r\n        line-height: 1.2;\r\n        margin: 0 0 30px 0; \/* M\u00e1s espacio debajo del h2 *\/\r\n    }\r\n\r\n    .banner-text p {\r\n        font-size: 2rem; \/* Tama\u00f1o del p\u00e1rrafo *\/\r\n        line-height: 1.5; \/* Mejora la legibilidad *\/\r\n        margin-top: 40px; \/* M\u00e1s espacio encima del p\u00e1rrafo *\/\r\n        font-weight: 400; \/* Regular *\/\r\n    }\r\n\r\n    .btn-custom {\r\n        color: white;\r\n        border: 2px solid white;\r\n        background-color: transparent;\r\n        padding: 10px 20px;\r\n        font-size: 1.2em;\r\n        font-weight: bold;\r\n        border-radius: 50px; \/* Hace las esquinas redondeadas *\/\r\n        text-transform: uppercase; \/* Convierte el texto a may\u00fasculas *\/\r\n        transition: background-color 0.3s ease, color 0.3s ease;\r\n        margin-top: 0px; \/* Espacio entre el texto y el bot\u00f3n *\/\r\n    }\r\n\r\n    .btn-custom:hover {\r\n        background-color: white;\r\n        color: #005bbb; \/* Cambia el texto al azul de fondo al pasar el cursor *\/\r\n    }\r\n\r\n    .banner-image {\r\n        flex: 1; \/* Ocupa la mitad del espacio *\/\r\n        height: 100%;\r\n        position: relative;\r\n        overflow: hidden;\r\n        margin: 0; \/* Quita margen adicional *\/\r\n    }\r\n\r\n    .banner-image img {\r\n        height: 100%; \/* La imagen ocupar\u00e1 toda la altura disponible *\/\r\n        width: 100%; \/* La imagen abarcar\u00e1 todo el ancho *\/\r\n        object-fit: cover; \/* Asegura que la imagen cubra todo el contenedor sin distorsionarse *\/\r\n        display: block; \/* Quita el espacio blanco alrededor de las im\u00e1genes inline *\/\r\n        margin: 0; \/* Asegura que no haya margen en los bordes de la imagen *\/\r\n        padding: 0; \/* Quita el padding adicional *\/\r\n    }\r\n\r\n    \/* Gradiente para el difuminado del texto *\/\r\n    .banner-image::after {\r\n        content: '';\r\n        position: absolute;\r\n        top: 0;\r\n        left: 0;\r\n        width: 40%; \/* \u00c1rea de difuminado *\/\r\n        height: 100%;\r\n        background: linear-gradient(to right, rgba(231, 67, 30, 1), rgba(231, 67, 30, 0)); \/* Rojo con el tono #e7431e *\/\r\n        pointer-events: none;\r\n    }\r\n\r\n    \/* Ajustes para pantallas m\u00e1s peque\u00f1as *\/\r\n    @media (max-width: 768px) {\r\n        .banner {\r\n            height: 45vh; \/* Aumentamos la altura para pantallas peque\u00f1as *\/\r\n        }\r\n\r\n        .banner-text h2 {\r\n            font-size: 2em; \/* Tama\u00f1o de texto m\u00e1s peque\u00f1o *\/\r\n            line-height: 1.5; \/* Espaciado entre l\u00edneas *\/\r\n        }\r\n\r\n        .banner-text p {\r\n            font-size: 1.2em; \/* Tama\u00f1o de p\u00e1rrafo m\u00e1s peque\u00f1o *\/\r\n        }\r\n         .btn-custom {\r\n        padding: 4px 10px; \/* Bot\u00f3n a\u00fan m\u00e1s peque\u00f1o en pantallas muy peque\u00f1as *\/\r\n        font-size: 0.8em; \/* Tama\u00f1o de fuente m\u00e1s reducido *\/\r\n    }\r\n\r\n    }\r\n\r\n    @media (max-width: 576px) {\r\n        .banner {\r\n            height: 50vh; \/* Aumentamos a\u00fan m\u00e1s para las pantallas m\u00e1s peque\u00f1as *\/\r\n        }\r\n\r\n        .banner-text h2 {\r\n            font-size: 1.3em; \/* Ajusta el tama\u00f1o del t\u00edtulo *\/\r\n            line-height: 1.5; \/* Espaciado entre l\u00edneas *\/\r\n        }\r\n\r\n        .banner-text p {\r\n            font-size: 1em; \/* Ajusta el tama\u00f1o del p\u00e1rrafo *\/\r\n        }\r\n        .btn-custom {\r\n        padding: 4px 10px; \/* Bot\u00f3n a\u00fan m\u00e1s peque\u00f1o en pantallas muy peque\u00f1as *\/\r\n        font-size: 0.8em; \/* Tama\u00f1o de fuente m\u00e1s reducido *\/\r\n    }\r\n    }\r\n    <\/style>\r\n<\/head>\r\n<body>\r\n    <!-- Banner -->\r\n    <div class=\"banner\">\r\n        <div class=\"banner-text\">\r\n           <h2>Contribuimos a la comunidad<\/h2>\r\n            <p>Con cursos en l\u00ednea, gratuitos y accesibles, que promueven la educaci\u00f3n sobre movilidad en el subsistema Metro de Quito.<\/p>\r\n            <!-- Bot\u00f3n agregado debajo del texto -->\r\n         <!--   <a href=\"https:\/\/elearning.culturametrodequito.com\/\" class=\"btn btn-custom\">cursos Mooc<\/a> -->\r\n        <\/div>\r\n        <div class=\"banner-image\">\r\n            <img decoding=\"async\" src=\"https:\/\/culturametrodequito.com\/wp-content\/uploads\/2025\/01\/Captura-de-pantalla-2025-01-22-165849.jpg\" alt=\"Metro Relatos\">\r\n        <\/div>\r\n    <\/div>\r\n\r\n    <!-- Bootstrap JS -->\r\n    <script src=\"https:\/\/cdn.jsdelivr.net\/npm\/bootstrap@5.3.0-alpha3\/dist\/js\/bootstrap.bundle.min.js\"><\/script>\r\n<\/body>\r\n<\/html>\r\n\t\t\t\t<\/div>\n\t\t\t\t<\/div>\n\t\t\t\t<\/div>\n\t\t\t\t\t<\/div>\n\t\t\t\t<\/div>\n\t\t<div class=\"elementor-element elementor-element-e6249ca e-flex e-con-boxed elementor-invisible e-con e-parent\" data-id=\"e6249ca\" data-element_type=\"container\" data-settings=\"{&quot;animation&quot;:&quot;bounce&quot;}\">\n\t\t\t\t\t<div class=\"e-con-inner\">\n\t\t<div class=\"elementor-element elementor-element-f0a7132 e-con-full e-flex e-con e-child\" data-id=\"f0a7132\" data-element_type=\"container\">\n\t\t\t\t<div class=\"elementor-element elementor-element-92e1a16 elementor-widget elementor-widget-heading\" data-id=\"92e1a16\" data-element_type=\"widget\" data-widget_type=\"heading.default\">\n\t\t\t\t<div class=\"elementor-widget-container\">\n\t\t\t\t\t<h3 class=\"elementor-heading-title elementor-size-default\">\u00bfQu\u00e9 son los cursos Mooc?<\/h3>\t\t\t\t<\/div>\n\t\t\t\t<\/div>\n\t\t\t\t<div class=\"elementor-element elementor-element-2b933fd elementor-widget elementor-widget-text-editor\" data-id=\"2b933fd\" data-element_type=\"widget\" data-widget_type=\"text-editor.default\">\n\t\t\t\t<div class=\"elementor-widget-container\">\n\t\t\t\t\t\t\t\t\t<p>Se trata de cursos en l\u00ednea que buscan crear aut\u00e9nticas comunidades de aprendizaje y que son accesibles para que cualquier persona se pueda inscribir de forma gratuita, sin l\u00edmite de participantes.<\/p>\t\t\t\t\t\t\t\t<\/div>\n\t\t\t\t<\/div>\n\t\t\t\t<\/div>\n\t\t\t\t\t<\/div>\n\t\t\t\t<\/div>\n\t\t<div class=\"elementor-element elementor-element-038b487 e-grid e-con-boxed e-con e-parent\" data-id=\"038b487\" data-element_type=\"container\">\n\t\t\t\t\t<div class=\"e-con-inner\">\n\t\t<div class=\"elementor-element elementor-element-1ec6360 e-con-full e-flex elementor-invisible e-con e-child\" data-id=\"1ec6360\" data-element_type=\"container\" data-settings=\"{&quot;animation&quot;:&quot;fadeInLeft&quot;}\">\n\t\t\t\t<\/div>\n\t\t\t\t<div class=\"elementor-element elementor-element-5c22959 elementor-view-default elementor-widget elementor-widget-icon\" data-id=\"5c22959\" data-element_type=\"widget\" data-widget_type=\"icon.default\">\n\t\t\t\t<div class=\"elementor-widget-container\">\n\t\t\t\t\t\t\t<div class=\"elementor-icon-wrapper\">\n\t\t\t<a class=\"elementor-icon\" href=\"https:\/\/elearning.culturametrodequito.com\/login\/signup.php\">\n\t\t\t<svg aria-hidden=\"true\" class=\"e-font-icon-svg e-fas-chalkboard-teacher\" viewBox=\"0 0 640 512\" xmlns=\"http:\/\/www.w3.org\/2000\/svg\"><path d=\"M208 352c-2.39 0-4.78.35-7.06 1.09C187.98 357.3 174.35 360 160 360c-14.35 0-27.98-2.7-40.95-6.91-2.28-.74-4.66-1.09-7.05-1.09C49.94 352-.33 402.48 0 464.62.14 490.88 21.73 512 48 512h224c26.27 0 47.86-21.12 48-47.38.33-62.14-49.94-112.62-112-112.62zm-48-32c53.02 0 96-42.98 96-96s-42.98-96-96-96-96 42.98-96 96 42.98 96 96 96zM592 0H208c-26.47 0-48 22.25-48 49.59V96c23.42 0 45.1 6.78 64 17.8V64h352v288h-64v-64H384v64h-76.24c19.1 16.69 33.12 38.73 39.69 64H592c26.47 0 48-22.25 48-49.59V49.59C640 22.25 618.47 0 592 0z\"><\/path><\/svg>\t\t\t<\/a>\n\t\t<\/div>\n\t\t\t\t\t\t<\/div>\n\t\t\t\t<\/div>\n\t\t<div class=\"elementor-element elementor-element-a378ad8 e-con-full e-flex elementor-invisible e-con e-child\" data-id=\"a378ad8\" data-element_type=\"container\" data-settings=\"{&quot;animation&quot;:&quot;fadeIn&quot;}\">\n\t\t\t\t<div class=\"elementor-element elementor-element-e0e4b72 elementor-view-default elementor-widget elementor-widget-icon\" data-id=\"e0e4b72\" data-element_type=\"widget\" data-widget_type=\"icon.default\">\n\t\t\t\t<div class=\"elementor-widget-container\">\n\t\t\t\t\t\t\t<div class=\"elementor-icon-wrapper\">\n\t\t\t<div class=\"elementor-icon\">\n\t\t\t\t\t\t<\/div>\n\t\t<\/div>\n\t\t\t\t\t\t<\/div>\n\t\t\t\t<\/div>\n\t\t<div class=\"elementor-element elementor-element-fea3215 e-con-full e-flex elementor-invisible e-con e-child\" data-id=\"fea3215\" data-element_type=\"container\" data-settings=\"{&quot;animation&quot;:&quot;fadeInLeft&quot;}\">\n\t\t\t\t<\/div>\n\t\t\t\t<\/div>\n\t\t<div class=\"elementor-element elementor-element-8ed14cf e-con-full e-flex elementor-invisible e-con e-child\" data-id=\"8ed14cf\" data-element_type=\"container\" data-settings=\"{&quot;animation&quot;:&quot;fadeInRight&quot;}\">\n\t\t\t\t<\/div>\n\t\t\t\t<div class=\"elementor-element elementor-element-4420310 elementor-widget elementor-widget-text-editor\" data-id=\"4420310\" data-element_type=\"widget\" data-widget_type=\"text-editor.default\">\n\t\t\t\t<div class=\"elementor-widget-container\">\n\t\t\t\t\t\t\t\t\t<p style=\"text-align: center;\">OFERTAS<\/p>\t\t\t\t\t\t\t\t<\/div>\n\t\t\t\t<\/div>\n\t\t\t\t\t<\/div>\n\t\t\t\t<\/div>\n\t\t\t\t<\/div>\n\t\t","protected":false},"excerpt":{"rendered":"<p>Cultura Metro Medios de pago Informaci\u00f3n operativa Inclusi\u00f3n Gu\u00eda del Usuario CURSOS ABIERTOS Metro Relatos Carrusel Contribuimos a la comunidad Con cursos en l\u00ednea, gratuitos y accesibles, que promueven la [&hellip;]<\/p>\n","protected":false},"author":2,"featured_media":0,"parent":0,"menu_order":0,"comment_status":"closed","ping_status":"closed","template":"","meta":{"footnotes":""},"class_list":["post-7442","page","type-page","status-publish","hentry"],"_links":{"self":[{"href":"https:\/\/culturametrodequito.com\/index.php\/wp-json\/wp\/v2\/pages\/7442"}],"collection":[{"href":"https:\/\/culturametrodequito.com\/index.php\/wp-json\/wp\/v2\/pages"}],"about":[{"href":"https:\/\/culturametrodequito.com\/index.php\/wp-json\/wp\/v2\/types\/page"}],"author":[{"embeddable":true,"href":"https:\/\/culturametrodequito.com\/index.php\/wp-json\/wp\/v2\/users\/2"}],"replies":[{"embeddable":true,"href":"https:\/\/culturametrodequito.com\/index.php\/wp-json\/wp\/v2\/comments?post=7442"}],"version-history":[{"count":287,"href":"https:\/\/culturametrodequito.com\/index.php\/wp-json\/wp\/v2\/pages\/7442\/revisions"}],"predecessor-version":[{"id":21286,"href":"https:\/\/culturametrodequito.com\/index.php\/wp-json\/wp\/v2\/pages\/7442\/revisions\/21286"}],"wp:attachment":[{"href":"https:\/\/culturametrodequito.com\/index.php\/wp-json\/wp\/v2\/media?parent=7442"}],"curies":[{"name":"wp","href":"https:\/\/api.w.org\/{rel}","templated":true}]}}